{"id":311,"date":"2021-07-19T15:04:10","date_gmt":"2021-07-19T13:04:10","guid":{"rendered":"https:\/\/www.pgi.ovh\/?page_id=311"},"modified":"2022-03-16T08:58:06","modified_gmt":"2022-03-16T07:58:06","slug":"rgpd","status":"publish","type":"page","link":"https:\/\/www.pgi.ovh\/index.php\/rgpd\/","title":{"rendered":"RGPD"},"content":{"rendered":"\n<p>Depuis 2018, les obligations qui s&rsquo;imposent aux traitements de donn\u00e9es personnelles ont profond\u00e9ment \u00e9volu\u00e9. Si les objectifs demeurent les m\u00eames, les formalit\u00e9s et l&rsquo;organisation \u00e0 mettre en place ont \u00e9t\u00e9 boulevers\u00e9es. Le respect des obligations du RGPD n&rsquo;est pas seulement une \u00ab formalit\u00e9 administrative \u00bb de plus : il peut conditionner la survie de vos projets ou m\u00eame de votre entreprise.<\/p>\n\n\n<div class=\"n2-section-smartslider fitvidsignore  n2_clear\" data-ssid=\"9\"><div id=\"n2-ss-9-align\" class=\"n2-ss-align\"><div class=\"n2-padding\"><div id=\"n2-ss-9\" data-creator=\"Smart Slider 3\" data-responsive=\"auto\" class=\"n2-ss-slider n2-ow n2-has-hover n2notransition  \"><div class=\"n2-ss-slider-wrapper-outside\" style=\"grid-template-rows:1fr auto\">\n        <div class=\"n2-ss-slider-1 n2_ss__touch_element n2-ow\">\n            <div class=\"n2-ss-slider-2 n2-ow\">\n                                                <div class=\"n2-ss-slider-3 n2-ow\">\n\n                    <div class=\"n2-ss-slide-backgrounds n2-ow-all\"><div class=\"n2-ss-slide-background\" data-public-id=\"1\" data-mode=\"fill\"><div class=\"n2-ss-slide-background-image\" data-blur=\"0\" data-opacity=\"100\" data-x=\"50\" data-y=\"50\" data-alt=\"\" data-title=\"\"><picture class=\"skip-lazy\" data-skip-lazy=\"1\"><img decoding=\"async\" src=\"\/\/www.pgi.ovh\/wp-content\/uploads\/2021\/07\/rgpd-en-anglais.jpg\" alt=\"\" title=\"\" loading=\"lazy\" class=\"skip-lazy\" data-skip-lazy=\"1\"><\/picture><\/div><div data-color=\"RGBA(255,255,255,0)\" style=\"background-color: RGBA(255,255,255,0);\" class=\"n2-ss-slide-background-color\"><\/div><\/div><div class=\"n2-ss-slide-background\" data-public-id=\"2\" data-mode=\"fill\" aria-hidden=\"true\"><div class=\"n2-ss-slide-background-image\" data-blur=\"0\" data-opacity=\"100\" data-x=\"50\" data-y=\"50\" data-alt=\"\" data-title=\"\"><picture class=\"skip-lazy\" data-skip-lazy=\"1\"><img decoding=\"async\" src=\"\/\/www.pgi.ovh\/wp-content\/uploads\/2021\/07\/lady-justice-2388500_640.jpg\" alt=\"\" title=\"\" loading=\"lazy\" class=\"skip-lazy\" data-skip-lazy=\"1\"><\/picture><\/div><div data-color=\"RGBA(255,255,255,0)\" style=\"background-color: RGBA(255,255,255,0);\" class=\"n2-ss-slide-background-color\"><\/div><\/div><\/div>                    <div class=\"n2-ss-slider-4 n2-ow\">\n                        <svg xmlns=\"http:\/\/www.w3.org\/2000\/svg\" viewBox=\"0 0 1200 800\" data-related-device=\"desktopPortrait\" class=\"n2-ow n2-ss-preserve-size n2-ss-preserve-size--slider n2-ss-slide-limiter\"><\/svg><div data-first=\"1\" data-slide-duration=\"0\" data-id=\"49\" data-slide-public-id=\"1\" data-title=\"rgpd-en-anglais\" class=\"n2-ss-slide n2-ow  n2-ss-slide-49\"><div role=\"note\" class=\"n2-ss-slide--focus\" tabindex=\"-1\">rgpd-en-anglais<\/div><div class=\"n2-ss-layers-container n2-ss-slide-limiter n2-ow\"><div class=\"n2-ss-layer n2-ow n-uc-O7saTUBdgZp2\" data-sstype=\"slide\" data-pm=\"default\"><\/div><\/div><\/div><div data-slide-duration=\"0\" data-id=\"50\" data-slide-public-id=\"2\" aria-hidden=\"true\" data-title=\"lady-justice-2388500_640\" class=\"n2-ss-slide n2-ow  n2-ss-slide-50\"><div role=\"note\" class=\"n2-ss-slide--focus\" tabindex=\"-1\">lady-justice-2388500_640<\/div><div class=\"n2-ss-layers-container n2-ss-slide-limiter n2-ow\"><div class=\"n2-ss-layer n2-ow n-uc-w4oH1Wuu7jTZ\" data-sstype=\"slide\" data-pm=\"default\"><\/div><\/div><\/div>                    <\/div>\n\n                                    <\/div>\n            <\/div>\n        <\/div>\n        <div class=\"n2-ss-slider-controls n2-ss-slider-controls-below\"><div class=\"n2-ss-widget nextend-shadow n2-ow-all\" data-hide-mobileportrait=\"1\"><img decoding=\"async\" width=\"1120\" height=\"50\" style=\"display: block; width:100%;max-width:none;\" class=\"nextend-shadow-image skip-lazy\" loading=\"lazy\" data-skip-lazy=\"1\" src=\"https:\/\/www.pgi.ovh\/wp-content\/plugins\/smart-slider-3\/Public\/SmartSlider3\/Widget\/Shadow\/ShadowImage\/Assets\/shadow\/dark.png\" alt=\"Shadow\"><\/div><\/div><\/div><\/div><ss3-loader><\/ss3-loader><\/div><\/div><div class=\"n2_clear\"><\/div><\/div>\n\n\n<p><\/p>\n\n\n\n<p>Inversement, la conformit\u00e9 au RGPD diminue votre risque de subir une cyberattaque ou une plainte de clients m\u00e9contents. Elle constitue un avantage concurrentiel et valorise votre entreprise.<\/p>\n\n\n\n<p>Pourtant, pour les petites et moyennes structures qui ne disposent pas d&rsquo;un sp\u00e9cialiste du droit des donn\u00e9es personnelles en interne, le RGPD repr\u00e9sente un v\u00e9ritable d\u00e9fi : texte volumineux et incompr\u00e9hensible, obligations complexes, sanctions alourdies.<\/p>\n\n\n\n<div class=\"wp-block-group\"><div class=\"wp-block-group__inner-container is-layout-flow wp-block-group-is-layout-flow\">\n<div class=\"wp-block-group\"><div class=\"wp-block-group__inner-container is-layout-flow wp-block-group-is-layout-flow\">\n<p style=\"line-height:1.5\">Nous proposons un&nbsp;:<\/p>\n\n\n\n<p style=\"line-height:1.5\"> \u2751 Accompagnement \u00e0 la mise en place de la r\u00e9glementation.<\/p>\n\n\n\n<p style=\"line-height:1.5\">\u2751 Audit de conformit\u00e9 RGPD.<\/p>\n\n\n\n<p style=\"line-height:1.5\"> \u2751 Un suivi de votre entreprise.<\/p>\n<\/div><\/div>\n\n\n\n<p class=\"has-text-align-right\"><a href=\"https:\/\/www.pgi.ovh\/index.php\/contact\/\">Contactez nous<\/a> \ud83d\ude42<\/p>\n<\/div><\/div>\n","protected":false},"excerpt":{"rendered":"<p>Depuis 2018, les obligations qui s&rsquo;imposent aux traitements de donn\u00e9es personnelles ont profond\u00e9ment \u00e9volu\u00e9. Si les objectifs demeurent les m\u00eames, les formalit\u00e9s et l&rsquo;organisation \u00e0 mettre en place ont \u00e9t\u00e9 boulevers\u00e9es. Le respect des obligations du RGPD n&rsquo;est pas seulement une \u00ab formalit\u00e9 administrative \u00bb de plus : il peut conditionner la survie de vos &hellip; <\/p>\n<p class=\"link-more\"><a href=\"https:\/\/www.pgi.ovh\/index.php\/rgpd\/\" class=\"more-link\">Continuer la lecture<span class=\"screen-reader-text\"> de &laquo;&nbsp;RGPD&nbsp;&raquo;<\/span><\/a><\/p>\n","protected":false},"author":1,"featured_media":0,"parent":0,"menu_order":0,"comment_status":"closed","ping_status":"closed","template":"","meta":{"_monsterinsights_skip_tracking":false,"_monsterinsights_sitenote_active":false,"_monsterinsights_sitenote_note":"","_monsterinsights_sitenote_category":0,"_uf_show_specific_survey":0,"_uf_disable_surveys":false,"footnotes":""},"class_list":["post-311","page","type-page","status-publish","hentry"],"_links":{"self":[{"href":"https:\/\/www.pgi.ovh\/index.php\/wp-json\/wp\/v2\/pages\/311","targetHints":{"allow":["GET"]}}],"collection":[{"href":"https:\/\/www.pgi.ovh\/index.php\/wp-json\/wp\/v2\/pages"}],"about":[{"href":"https:\/\/www.pgi.ovh\/index.php\/wp-json\/wp\/v2\/types\/page"}],"author":[{"embeddable":true,"href":"https:\/\/www.pgi.ovh\/index.php\/wp-json\/wp\/v2\/users\/1"}],"replies":[{"embeddable":true,"href":"https:\/\/www.pgi.ovh\/index.php\/wp-json\/wp\/v2\/comments?post=311"}],"version-history":[{"count":16,"href":"https:\/\/www.pgi.ovh\/index.php\/wp-json\/wp\/v2\/pages\/311\/revisions"}],"predecessor-version":[{"id":819,"href":"https:\/\/www.pgi.ovh\/index.php\/wp-json\/wp\/v2\/pages\/311\/revisions\/819"}],"wp:attachment":[{"href":"https:\/\/www.pgi.ovh\/index.php\/wp-json\/wp\/v2\/media?parent=311"}],"curies":[{"name":"wp","href":"https:\/\/api.w.org\/{rel}","templated":true}]}}