{"id":303,"date":"2021-06-10T14:33:30","date_gmt":"2021-06-10T12:33:30","guid":{"rendered":"https:\/\/www.pgi.ovh\/?page_id=303"},"modified":"2023-05-15T18:04:54","modified_gmt":"2023-05-15T16:04:54","slug":"contact","status":"publish","type":"page","link":"https:\/\/www.pgi.ovh\/index.php\/contact\/","title":{"rendered":"Contact"},"content":{"rendered":"<div class=\"wpforms-container wpforms-container-full wpforms-block wpforms-block-02e008e0-b8a7-4351-b8c1-f47c778da934 wpforms-render-modern\" id=\"wpforms-1144\"><form id=\"wpforms-form-1144\" class=\"wpforms-validate wpforms-form wpforms-ajax-form\" data-formid=\"1144\" method=\"post\" enctype=\"multipart\/form-data\" action=\"\/index.php\/wp-json\/wp\/v2\/pages\/303\" data-token=\"c70f8100ae2f6da101ff8cccbb2850ed\" data-token-time=\"1775407121\"><noscript class=\"wpforms-error-noscript\">Veuillez activer JavaScript dans votre navigateur pour remplir ce formulaire.<\/noscript><div id=\"wpforms-error-noscript\" style=\"display: none;\">Veuillez activer JavaScript dans votre navigateur pour remplir ce formulaire.<\/div><div class=\"wpforms-field-container\"><div id=\"wpforms-1144-field_3-container\" class=\"wpforms-field wpforms-field-text\" data-field-id=\"3\"><label class=\"wpforms-field-label\" for=\"wpforms-1144-field_3\">ENTREPRISE  <span class=\"wpforms-required-label\" aria-hidden=\"true\">*<\/span><\/label><input type=\"text\" id=\"wpforms-1144-field_3\" class=\"wpforms-field-medium wpforms-field-required wpforms-limit-characters-enabled\" data-form-id=\"1144\" data-field-id=\"3\" data-text-limit=\"150\" name=\"wpforms[fields][3]\" aria-errormessage=\"wpforms-1144-field_3-error\" maxlength=\"150\" required><\/div><div id=\"wpforms-1144-field_0-container\" class=\"wpforms-field wpforms-field-name\" data-field-id=\"0\"><label class=\"wpforms-field-label\" for=\"wpforms-1144-field_0\">Nom  <span class=\"wpforms-required-label\" aria-hidden=\"true\">*<\/span><\/label><input type=\"text\" id=\"wpforms-1144-field_0\" class=\"wpforms-field-medium wpforms-field-required\" name=\"wpforms[fields][0]\" aria-errormessage=\"wpforms-1144-field_0-error\" required><\/div><div id=\"wpforms-1144-field_1-container\" class=\"wpforms-field wpforms-field-email\" data-field-id=\"1\"><label class=\"wpforms-field-label\" for=\"wpforms-1144-field_1\">E-mail  <span class=\"wpforms-required-label\" aria-hidden=\"true\">*<\/span><\/label><input type=\"email\" id=\"wpforms-1144-field_1\" class=\"wpforms-field-medium wpforms-field-required\" name=\"wpforms[fields][1]\" spellcheck=\"false\" aria-errormessage=\"wpforms-1144-field_1-error\" required><\/div><div id=\"wpforms-1144-field_4-container\" class=\"wpforms-field wpforms-field-text\" data-field-id=\"4\"><label class=\"wpforms-field-label\" for=\"wpforms-1144-field_4\">T\u00e9l\u00e9phone :  <span class=\"wpforms-required-label\" aria-hidden=\"true\">*<\/span><\/label><input type=\"text\" id=\"wpforms-1144-field_4\" class=\"wpforms-field-medium wpforms-field-required wpforms-limit-characters-enabled\" data-form-id=\"1144\" data-field-id=\"4\" data-text-limit=\"18\" name=\"wpforms[fields][4]\" aria-errormessage=\"wpforms-1144-field_4-error\" maxlength=\"18\" required><\/div><div id=\"wpforms-1144-field_2-container\" class=\"wpforms-field wpforms-field-textarea\" data-field-id=\"2\"><label class=\"wpforms-field-label\" for=\"wpforms-1144-field_2\">Votre message : (facultatif) <\/label><textarea id=\"wpforms-1144-field_2\" class=\"wpforms-field-medium wpforms-limit-characters-enabled\" data-form-id=\"1144\" data-field-id=\"2\" data-text-limit=\"160\" name=\"wpforms[fields][2]\" aria-errormessage=\"wpforms-1144-field_2-error\" maxlength=\"160\" ><\/textarea><\/div><\/div><!-- .wpforms-field-container --><div class=\"wpforms-submit-container\" ><input type=\"hidden\" name=\"wpforms[id]\" value=\"1144\"><input type=\"hidden\" name=\"page_title\" value=\"\"><input type=\"hidden\" name=\"page_url\" value=\"https:\/\/www.pgi.ovh\/index.php\/wp-json\/wp\/v2\/pages\/303\"><input type=\"hidden\" name=\"url_referer\" value=\"\"><button type=\"submit\" name=\"wpforms[submit]\" id=\"wpforms-submit-1144\" class=\"wpforms-submit\" data-alt-text=\"Envoi...\" data-submit-text=\"Envoyer\" aria-live=\"assertive\" value=\"wpforms-submit\">Envoyer<\/button><img loading=\"lazy\" decoding=\"async\" src=\"https:\/\/www.pgi.ovh\/wp-content\/plugins\/wpforms-lite\/assets\/images\/submit-spin.svg\" class=\"wpforms-submit-spinner\" style=\"display: none;\" width=\"26\" height=\"26\" alt=\"Chargement en cours\"><\/div><\/form><\/div>  <!-- .wpforms-container -->\n\n\n<p>Vous pouvez aussi  nous joindre au +33 (0)6 76 19 55 58.<\/p>\n\n\n\n<p>En cas de non r\u00e9ponse de notre part dans les 24 heures, merci de nous appeler (car se sera sans doute un probl\u00e8me d&rsquo;envoi de ce formulaire, &#8230; tr\u00e8s rare mais pouvant exister&#8230;).<\/p>\n\n\n\n<p>A votre service. <\/p>\n\n\n<pre style=\"text-align: center;\"><span style=\"color: #333399;\">M Franck THOUREL - 10 CITE ALLENDE<\/span><br><span style=\"color: #333399;\">24290 Montignac - Lascaux France<\/span><\/pre>\n\n\n<p class=\"has-text-align-center\"><sup><sub>SIRET 818176786 00015 APE 6201Z<\/sub><\/sup><\/p>\n","protected":false},"excerpt":{"rendered":"<p>Vous pouvez aussi nous joindre au +33 (0)6 76 19 55 58. En cas de non r\u00e9ponse de notre part dans les 24 heures, merci de nous appeler (car se sera sans doute un probl\u00e8me d&rsquo;envoi de ce formulaire, &#8230; tr\u00e8s rare mais pouvant exister&#8230;). A votre service. M Franck THOUREL &#8211; 10 CITE ALLENDE24290 &hellip; <\/p>\n<p class=\"link-more\"><a href=\"https:\/\/www.pgi.ovh\/index.php\/contact\/\" class=\"more-link\">Continuer la lecture<span class=\"screen-reader-text\"> de &laquo;&nbsp;Contact&nbsp;&raquo;<\/span><\/a><\/p>\n","protected":false},"author":1,"featured_media":0,"parent":0,"menu_order":0,"comment_status":"closed","ping_status":"closed","template":"","meta":{"_monsterinsights_skip_tracking":false,"_monsterinsights_sitenote_active":false,"_monsterinsights_sitenote_note":"","_monsterinsights_sitenote_category":0,"_uf_show_specific_survey":0,"_uf_disable_surveys":false,"footnotes":""},"class_list":["post-303","page","type-page","status-publish","hentry"],"_links":{"self":[{"href":"https:\/\/www.pgi.ovh\/index.php\/wp-json\/wp\/v2\/pages\/303","targetHints":{"allow":["GET"]}}],"collection":[{"href":"https:\/\/www.pgi.ovh\/index.php\/wp-json\/wp\/v2\/pages"}],"about":[{"href":"https:\/\/www.pgi.ovh\/index.php\/wp-json\/wp\/v2\/types\/page"}],"author":[{"embeddable":true,"href":"https:\/\/www.pgi.ovh\/index.php\/wp-json\/wp\/v2\/users\/1"}],"replies":[{"embeddable":true,"href":"https:\/\/www.pgi.ovh\/index.php\/wp-json\/wp\/v2\/comments?post=303"}],"version-history":[{"count":26,"href":"https:\/\/www.pgi.ovh\/index.php\/wp-json\/wp\/v2\/pages\/303\/revisions"}],"predecessor-version":[{"id":1202,"href":"https:\/\/www.pgi.ovh\/index.php\/wp-json\/wp\/v2\/pages\/303\/revisions\/1202"}],"wp:attachment":[{"href":"https:\/\/www.pgi.ovh\/index.php\/wp-json\/wp\/v2\/media?parent=303"}],"curies":[{"name":"wp","href":"https:\/\/api.w.org\/{rel}","templated":true}]}}